- 38. Calculate the remainder when 9 is divided by j.
2
Let l(q) = 4*q - 24. Calculate the remainder when 33 is divided by l(9).
9
Suppose 2*b = 12 + 94. Let h be -2 + (-2 - 13) + -1. What is the remainder when b is divided by (-3 + 1)/(2/h)?
17
Suppose -m - 4 = -j, 3*m + 4*j = 6*j - 14. What is the remainder when 46 is divided by (-18)/(4/(16/m))?
10
Calculate the remainder when 36 is divided by (26/(-3))/(((-24)/9)/4).
10
Suppose 5*q - 616 = -3*q. Calculate the remainder when q is divided by 20.
17
Suppose 3*w + 1 = 4*v - 32, -v - 3*w + 27 = 0. What is the remainder when 21 is divided by v?
9
Let v(k) = -k**2 + 3*k + 2. Let a be v(-2). Let m = 1 - a. What is the remainder when m is divided by 4?
1
Let d(m) = m**2 - 2*m - 6. What is the remainder when 42 is divided by d(5)?
6
Suppose -5*u = y - 6*y + 10, -4*y + 8 = 2*u. Suppose y*p + 12 = 4*p. Calculate the remainder when 16 is divided by p.
4
Suppose 0 = 4*g - 8*g + 128. Suppose 2*o + 3*o - 85 = 0. What is the remainder when g is divided by o?
15
Let v = -14 - -9. Let w(j) = -j**3 - 3*j**2 - j + 5. Calculate the remainder when w(v) is divided by 21.
18
Suppose 0 = -l + 4, -2*v + 4*l = 2*v - 8. Suppose p + 50 = 6*p. Calculate the remainder when p is divided by v.
4
Let c be -4*((-1)/(-2) + -1). Let v = -24 + 46. What is the remainder when v is divided by 6/(c - 3/2)?
10
Suppose 5*d - 40 - 10 = 0. What is the remainder when 16 is divided by d?
6
Let b = 24 - 12. Let d(r) = r**3 - 13*r**2 + 18*r - 9. Calculate the remainder when d(b) is divided by 11.
8
Suppose 2*n - 7*n + 9 = -w, 2*n = 5*w - 24. What is the remainder when w is divided by 5?
1
Calculate the remainder when ((-28)/(-6))/((-4)/(-18)) + -3 is divided by 4.
2
Let q = 19 + -12. Calculate the remainder when 68 is divided by q.
5
Let d be -1 + 1 + 0 - -2. Suppose m + j + 6 = d*m, 5*j + 14 = m. What is the remainder when m is divided by 3?
1
Suppose 2*u = -11*u + 78. Calculate the remainder when 28 is divided by u.
4
Suppose 0 = n + 6*n - 175. Calculate the remainder when n is divided by (-14)/((-2)/(3 + -1)).
11
Let i(x) = 8*x**2 + x. Suppose 2*p - 4 = -4*l, l + 4 = -p + 5*l. Let r be (-2 + (p - -4))/(-2). What is the remainder when 12 is divided by i(r)?
5
Let v(q) = -q**3 + 2*q**2 + 4*q + 1. What is the remainder when 23 is divided by v(2)?
5
Suppose 0 = 2*l - 3*l + 15. What is the remainder when 58 is divided by l?
13
Let i(o) = o**2 + 2*o - 4. Suppose 0*r - 45 = -3*r. Suppose -5 - r = -b. Calculate the remainder when i(7) is divided by b.
19
Let q be (-16)/(-9) + (-8)/(-36). Suppose 0 = -s - 3*s + q*i + 34, -5*s = 2*i - 38. What is the remainder when 29 is divided by s?
5
Let k = -9 + 42. What is the remainder when k/1 + (-9 - -7) is divided by 17?
14
Let m(c) = 3*c**3 - c**2 + 1. What is the remainder when m(3) is divided by 19?
16
Let n = 16 - 7. Calculate the remainder when (16/(-12))/(4/(-102)) is divided by n.
7
Let r = -171 + 184. Calculate the remainder when 45 is divided by r.
6
Suppose -11 = -d - 4. Suppose -d - 10 = -s. Let u = 30 - s. What is the remainder when u is divided by 5?
3
Calculate the remainder when 1/((-3)/3) + 36 is divided by 9*(2 + 1 + -2).
8
Let n = -173 - -235. Calculate the remainder when n is divided by 8.
6
Suppose 4 = -j + 26. What is the remainder when j is divided by 2?
0
Let p = -43 - -69. Let v(f) = -f**3 - 10*f**2 + 11*f + 2. Let h be v(-11). What is the remainder when p is divided by 0 - (-14 - -3) - h?
8
Let v(y) = 2*y**2 - 2*y - 6. Calculate the remainder when v(-3) is divided by 5.
3
Let o(k) = -k**3 + 6*k**2 + 5*k - 12. Suppose y = 3*y - 14. What is the remainder when o(6) is divided by y?
4
Suppose 3*h = -2 + 20. Suppose 11*n = h*n + 100. What is the remainder when 79 is divided by n?
19
Let z = 30 + -24. What is the remainder when 27 is divided by z?
3
Suppose 0 = -0*s - 4*s + 64. Let l = -1 + 3. Let z = 4 + l. Calculate the remainder when s is divided by z.
4
Let y(u) = u**2 + 6*u. Calculate the remainder when 19 is divided by y(-7).
5
Suppose 3*h = 4*g + g + 452, 2*g + 196 = 5*h. Let s = g + 155. What is the remainder when s is divided by 17?
16
Suppose -11*u + 6*u = -20. Suppose 23 = 4*j - 13. Suppose j*p = u*p + 120. Calculate the remainder when 70 is divided by p.
22
Suppose -g + 2*k = -7 - 18, k - 70 = -5*g. Let z = 28 + 15. Calculate the remainder when z is divided by g.
13
Let w(s) = -s - 6. Let j be w(-11). Suppose 0 = 2*d + j*t - 43, 5*d - 17 = 2*d + 2*t. Let q(v) = -4*v - 3. Calculate the remainder when d is divided by q(-2).
4
Calculate the remainder when 2/(1*(-2)/(-38)) is divided by 20.
18
Let u = -67 - -102. Calculate the remainder when u is divided by 13.
9
Let k(b) = b - 1. Let j(z) = -7*z + 14. Let u(t) = j(t) + 5*k(t). What is the remainder when u(4) is divided by 1?
0
Let l = -6 - -24. What is the remainder when l is divided by 7?
4
Suppose 10 + 10 = 3*l - 2*a, -l = 5*a - 18. Calculate the remainder when 15 is divided by l.
7
Let h(y) = 4*y**2 - 4*y - 5. What is the remainder when h(-4) is divided by 19?
18
Let x be 6 + (1 - (3 + 1)). Suppose -9 = -x*r, 3*a - a - 5*r = 7. Calculate the remainder when 30 is divided by a.
8
Suppose 5*c = -4 + 39. Let q(s) = s**3 - 5*s**2 - 4*s + 10. Let w be q(c). Suppose 23 - w = -3*l. What is the remainder when l is divided by 5?
4
Suppose 0 = -2*g - 4*l - 10, -36 = 3*g + g + 4*l. Calculate the remainder when 24 is divided by (g - -2 - 2)*-1.
11
Suppose -o - 4*o - 4*b = -20, -5*b + 4 = o. What is the remainder when 22 is divided by o?
2
Let l = -5 + 10. Calculate the remainder when 7 is divided by l.
2
Suppose m - 2*m = -5. Suppose 0 = -a + m - 2. Suppose -2*p - 2*p = -8. Calculate the remainder when a is divided by p.
1
Let c(r) = 2*r - 1. Let w be c(1). Let y(a) = 10*a**2 - 1. What is the remainder when -40*(3/5 - 1) is divided by y(w)?
7
Let o(j) = j + 12. Suppose -2*y + 2*m + 38 = 0, -y + 88 = 4*y + 2*m. What is the remainder when y is divided by o(-7)?
3
Let k be ((-40)/12)/(4/(-6)). Suppose -2*i = k*j + 2*i - 138, -3*j = -i - 76. What is the remainder when j is divided by 14?
12
Suppose -198 = -v - 2*v. What is the remainder when v is divided by 23?
20
Suppose 5*n + 114 = 5*r - 2*r, -3*r + 72 = -3*n. Suppose -4*f + 2*j = -54, -4*f + 3*j + 42 = -f. Calculate the remainder when f is divided by 1/(-1*3/n).
6
Suppose -z + b - 5*b = -7, -3*z + 5*b + 55 = 0. What is the remainder when z is divided by 4?
3
What is the remainder when 8 is divided by (-4)/(-10) + 46/10?
3
Let z(v) = 3*v**2 + 7*v. Let i be z(-5). Suppose -4*h - 32 = 2*x - 6*x, 0 = 5*h + 5*x + i. Calculate the remainder when 16 is divided by 4/3*(-36)/h.
4
Suppose w + 5*f + 21 = 0, -32 + 0 = -3*w + 4*f. Suppose p - 94 = -4*c + w*p, 4*c = -5*p + 78. What is the remainder when c is divided by 8?
6
Let o = -12 + 26. Let c(n) be the third derivative of -n**4/6 + n**3 + 3*n**2. What is the remainder when c(-5) is divided by o?
12
Calculate the remainder when -1 - -1 - (-99 - 8) is divided by 27.
26
Suppose 0 = 6*u - 2*u. Suppose -2*p + 0 + 8 = u. Suppose -d - 2*s = -13, p*s - 45 = -4*d - 1. Calculate the remainder when 25 is divided by d.
7
Let z(u) = u**2 + 6*u + 7. Suppose -3*h + q = 4*q - 33, 3*h = -2*q + 35. What is the remainder when h is divided by z(-6)?
6
Suppose -c + 15 = -0*c. Let p(h) = 2*h**2 + 10*h - 14. Calculate the remainder when p(-9) is divided by c.
13
Let o = 94 + -31. Suppose 4*a - 90 = -26. Calculate the remainder when o is divided by a.
15
Let t(p) = -p**3 + 8*p**2 + 2. Calculate the remainder when 18*(-3 - 20/(-6)) is divided by t(8).
0
Suppose 4*a = 3*a. Suppose 3*t - 47 - 94 = a. Calculate the remainder when t is divided by 16.
15
Calculate the remainder when 6 is divided by 13/3 - 2/6.
2
Let l(i) = -i**2 - 13*i - 12. Let g be l(-8). Suppose 6 = z - 5*d + g, -5*z + 5*d = 30. Let f = z + 9. Calculate the remainder when 13 is divided by f.
6
Suppose -3*y + 0*y = -5*i + 17, 0 = i + 4*y - 8. Suppose 3*s = i*s - 9. Suppose 0 = -4*b + 84 - 20. Calculate the remainder when b is divided by s.
7
Let q = -3 - -1. What is the remainder when ((-85)/q - 3)*2 is divided by 27?
25
Let b = -5 + 25. Suppose 71 = 3*a - 3*w + 23, -a + b = -3*w. Suppose -i + 5*i = -20, 120 = 5*c + 3*i. Calculate the remainder when c is divided by a.
13
Let d(r) be the first derivativ